 4*j = a*j + 44. List the prime factors of j.
2, 11
Let t(n) = -n**3 - 8*n**2 - 8*n. Let d be t(-7). Suppose -d*u + 400 = -3*u. What are the prime factors of u/(-3)*54/(-45)?
2, 5
Let b = 169 + 138. What are the prime factors of b?
307
Let h = 58 - 82. Let x be 158/22 - h/(-132). List the prime factors of 73/7 + 4/x.
11
Suppose 134 = 5*h - w, 0*h = -2*h + w + 53. List the prime factors of h.
3
Suppose -g + 2*g + 4*i - 18 = 0, 0 = 2*i - 8. Suppose -g*b - 8 = -4*b. Let x = 51 - b. What are the prime factors of x?
47
Let k(x) = x**3 + 5*x**2 + 4*x + 4. Let g be (-9)/2 - 2/(-4). Let h be k(g). Suppose z = 3*m - 3*z - 27, h*z = -5*m + 77. List the prime factors of m.
13
Suppose 4*t = -f + 2072, 3*t = 2*t - 2*f + 518. List the prime factors of t.
2, 7, 37
Let f = 204 - 112. Let i = f - -6. What are the prime factors of i?
2, 7
Let n be (-62*(4 + -5))/2. Suppose l - n - 10 = 0. List the prime factors of l.
41
Let l(y) be the third derivative of -y**6/60 - y**5/15 + y**4/8 + 2*y**3/3 - 11*y**2. What are the prime factors of l(-4)?
2, 7
Let o(w) = 2*w**2 - 10*w + 128. List the prime factors of o(26).
2, 5, 61
Let l = 124 + -121. Suppose -2*k = k + 3, 0 = l*y + 5*k - 319. What are the prime factors of y?
2, 3
Suppose 3*m - 30 = 3*l, 4*m - 5 = -2*l - l. Suppose m*o + 5*t = 90, 7 = o - 2*t - 8. What are the prime factors of o?
17
Let x = -10 - -10. Suppose -3*p + 245 = 5*z, -4*z + 4*p + 228 = -x*z. What are the prime factors of z?
2, 13
Suppose 3*k + 58 = l, 24*l = 3*k + 27*l + 54. Let a(g) = 4*g - 2. Let c be a(2). Let n = c - k. List the prime factors of n.
5
Let u(o) = -o**2 + o + 2. Let w be u(0). Suppose -w*f + 130 = 3*f. List the prime factors of f.
2, 13
Suppose 0*x + 2*x = -32. Let i = 19 + x. Suppose -i*w = 2 - 32. List the prime factors of w.
2, 5
Suppose -4*m + 504 = 5*s - 5*m, 5*s + 5*m - 510 = 0. Let g = s - -1. What are the prime factors of g?
2, 3, 17
Let n = 16 + -13. Suppose 0 = 3*m + l - 339, 4*l + 354 = n*m - 0*l. What are the prime factors of m?
2, 3, 19
Let t = 91 + -63. Suppose 9*u - 314 - t = 0. List the prime factors of u.
2, 19
Let a be (-19)/2 + 21/14. Let q be 2*(-2 + 36/a). List the prime factors of (q - -10)/(3/(-7)).
7
Suppose -336 = -67*c + 70*c. Let j = c + 117. What are the prime factors of j?
5
Suppose 9*y + 4*b = 13*y - 184, 0 = 2*y + 4*b - 104. What are the prime factors of y?
2, 3
Let x(p) = -14 + 3*p - p + 3*p**2 + 15. Let r be (-16)/20*15/6. What are the prime factors of x(r)?
3
Let g(s) = 2*s + 4*s + 4*s - s**3 - 6*s**2 + 14 - 4*s. What are the prime factors of g(-7)?
3, 7
Let z = 1611 - -232. What are the prime factors of z?
19, 97
What are the prime factors of 54 - 23 - (6 + 0)?
5
Suppose 0 = 3*o - 5*p - 1334, -2*o + 19*p - 15*p + 886 = 0. List the prime factors of o.
3, 151
Suppose -4*a - d = -2167, 3*a - 844 = 3*d + 800. List the prime factors of a.
3, 181
Let c(p) = -9*p**2 - 27*p + 23. Let r(v) = -3*v**2 - 9*v + 8. Let a(j) = -4*c(j) + 11*r(j). Let m be a(-7). Let s = m - 52. List the prime factors of s.
2, 7
Let x = 10 - 15. Let z(y) = -2*y - 7. Let w be z(x). Suppose v - 17 = -w*s, 0 = 2*v + 6*s - 2*s - 30. List the prime factors of v.
11
Let a(l) = l - 2. Let j be a(4). Suppose 4 = -5*w + 44. What are the prime factors of 56 + w/4 + j?
2, 3, 5
Let f be (4/(-4) - -5) + 206. Suppose n = 7*n - f. What are the prime factors of n?
5, 7
Suppose 2*u - 6 = 0, -u = 2*b + 3*b - 1273. Suppose -5*l + b = -4*d, -2*d - 228 = -4*l - 5*d. Let y = 4 + l. List the prime factors of y.
2, 29
Suppose 19 + 2 = -z. Let k = z - -8. Let m = k - -30. List the prime factors of m.
17
Let a = -48 + -18. Suppose -5*i + 169 + 426 = 0. Let t = a + i. What are the prime factors of t?
53
Suppose -3*s + 7*s = 0. Let d(l) = 1 - l + 21*l**2 - 5*l**2 + s + 0*l. List the prime factors of d(1).
2
Suppose 84 = -0*q + 4*q. Let m = q - 11. Let a = -4 + m. List the prime factors of a.
2, 3
Suppose 0 = 11*q - 7*q. Suppose q = -3*f + 5*f. List the prime factors of (28 - f) + 4 + -3.
29
Let c(z) = 13*z - 25. Let y = -43 + 53. What are the prime factors of c(y)?
3, 5, 7
Suppose -1233 = -5*u + 277. What are the prime factors of u?
2, 151
Suppose 5*h - 39 = 2*h. Let k = -10 + h. Suppose k*g - 20 = -2*g. What are the prime factors of g?
2
Suppose -3*c = -3*z + 6*z + 3, 0 = 2*c + 3*z + 6. Suppose f - 60 = -2*g - 2*f, 0 = c*g - 2*f - 90. List the prime factors of g.
2, 3, 5
Let y = -1412 + 1444. List the prime factors of y.
2
Let c(s) = -s**3 + 9*s**2 + 11*s - 7. Let q be c(10). Suppose -4*t + 19 = k, -q*k + 8 = -1. Suppose m - t*m + 66 = 0. What are the prime factors of m?
2, 11
What are the prime factors of (-5985)/2*(-260)/325?
2, 3, 7, 19
Let b(c) = -27*c - 25. List the prime factors of b(-22).
569
List the prime factors of (-10452)/(-8) + 1/2.
1307
Let a(c) = -2*c + 4. Suppose -4*f - 21 + 5 = 0. Let j be a(f). Let h = 19 - j. List the prime factors of h.
7
List the prime factors of 1023706/272 - (-1 + (-15)/(-24)).
2, 941
Let t(c) = -c**3 + 16*c**2 + 17*c + 24. Let d(u) = u**3 + 16*u**2 + 14*u + 2. Let n be d(-15). What are the prime factors of t(n)?
2, 3
Let z = 8 + -35. Let g be (40/3)/((-9)/z). Suppose -4*a = -2*s + 28, 2*s + 2*s - 4*a = g. List the prime factors of s.
2, 3
List the prime factors of (-1 + 72)*(0/(-6) - -5).
5, 71
Suppose 6*j + 45 = j. Let a = 7 + -4. Let g = a - j. What are the prime factors of g?
2, 3
What are the prime factors of (1239/(-708))/((-1)/52)?
7, 13
Let n = 56 + -27. Let k be 185/35 + (-2)/7. Suppose -u = 5, -k*u - 24 = -2*v + n. List the prime factors of v.
2, 7
Suppose y = -i - 4*i, 3*y = -4*i + 22. Let o = 12 + y. Suppose -3*u + 5*u = o. What are the prime factors of u?
11
Suppose -5*y = p - 309, -914 = p - 4*p - 2*y. List the prime factors of p.
2, 19
Suppose -2*v + 0 = 16. Let y be 130/8 + 2/v. List the prime factors of (y/(-5))/((-9)/90).
2
Suppose -5*m - p + 10 = 0, 23 = -3*m + m + 5*p. Let l(k) = 33*k - 72*k + 32*k + m. What are the prime factors of l(-1)?
2
Let g be (-9)/(-2)*4/6. Suppose 0 = -5*x - s + 222, x + 82 = g*x - 3*s. List the prime factors of x.
2, 11
List the prime factors of (-1 - -5)*6*(-1841)/(-56).
3, 263
Let q = -48 + 92. Suppose -c + 4*s + 77 = 0, -2*c - 2*s = -80 - q. List the prime factors of c.
5, 13
Let n be 3 - (-2 - 6/2). Suppose 5*s = n + 12. Suppose -m = -s*m + 9. What are the prime factors of m?
3
Suppose 74 = -5*h - 176. Let y = 68 + h. What are the prime factors of y?
2, 3
Let h(l) = 3*l + 35. Let n be h(-9). Let g(k) = -k**2 + 18*k + 12. List the prime factors of g(n).
2, 23
Suppose -4*k = -9*x + 6*x + 3755, -5*x + 6297 = 3*k. List the prime factors of x.
3, 419
Let j = 286 - 197. Suppose 7*t = -j + 376. What are the prime factors of t?
41
Suppose a - 4*n + 2368 = 2*a, 4*a = 4*n + 9452. What are the prime factors of a?
2, 3, 197
List the prime factors of -3 - (-105)/33 - 8308/(-44).
3, 7
Let n = -1616 + 2508. List the prime factors of n.
2, 223
Let q be ((-6)/9)/((-4)/6). Let v = q + 3. Suppose v*h = 2*j - j + 11, -5 = -5*j + 5*h. What are the prime factors of j?
5
Let u = -3826 - -7485. What are the prime factors of u?
3659
Let s(i) = 1 - 16*i - 9 - i**2 + 3*i. Let u(b) = -2*b + 1. Let p be u(5). What are the prime factors of s(p)?
2, 7
Let b = 50 - 48. Let g(d) = -d**2 - 10*d + 2. Let a be g(-7). Let h = a - b. List the prime factors of h.
3, 7
Let w = -14 - -18. Suppose -w*a = -a - 9. Let n(i) = 2*i + 8. List the prime factors of n(a).
2, 7
Let x be 6*(-2 + 53)*(-8)/(-18). Let d = x + -74. List the prime factors of d.
2, 31
Let n = 3438 - 1993. List the prime factors of n.
5, 17
Let s(l) = -4*l**3 + l**2. Let p be s(1). Let i be 1/p*0 + 0. Suppose i = 2*h + d - 32, 2*d = -h + d + 14. What are the prime factors of h?
2, 3
Let a(v) = 14*v - 18. Suppose -18 = -5*y + 2*y. List the prime factors of a(y).
2, 3, 11
Let f = -427 + 692. Suppose -31*w - f = -36*w. What are the prime factors of w?
53
Let i = 1018 + 385. What are the prime factors of i?
23, 61
Suppose u - 16 - 4 = 0. Suppose 0 = 23*k - u*k - 36. List the prime factors of k.
2, 3
Let z(s) = 5*s**3 + s**2 + 6*s + 2. Let n be z(-2). Let m be -1 + (0 - (0 + 78)). Let x = n - m. List the prime factors of x.
3, 11
Let x(f) = 11*f**2 + 0*f**3 - 9*f + 7*f**3 - 9 - 8*f**3. What are the prime factors of x(9)?
2, 3
Suppose -4*n = 5